249 composite?
True
Is 18542369 prime?
False
Is 7917537533 a prime number?
True
Is 237960767089 composite?
True
Is 3958474367 a prime number?
True
Is 40582680221 prime?
True
Is 561110387 a composite number?
False
Is 1793636349 a prime number?
False
Is 31454251117 prime?
False
Is 11140311959 a prime number?
False
Is 165654469 a prime number?
False
Is 4305384029 a prime number?
True
Is 5241756493 composite?
True
Is 42157041137 prime?
True
Is 8316627469 composite?
False
Is 82544690519 composite?
True
Is 15665332919 a composite number?
False
Is 358055461 a composite number?
False
Is 10420374137 prime?
False
Is 42819378677 a composite number?
True
Is 18938020297 composite?
True
Is 43660376681 a prime number?
False
Is 711091151 prime?
False
Is 92011906769 a composite number?
True
Is 1474447949 a composite number?
True
Is 22887328381 prime?
False
Is 12964625279 prime?
False
Is 2633463187 composite?
True
Is 5043019903 a composite number?
True
Is 6494506162 composite?
True
Is 2771213491 composite?
True
Is 213257059 a composite number?
False
Is 372980651 a prime number?
True
Is 62331266741 a prime number?
True
Is 20473766731 composite?
True
Is 40136420671 composite?
False
Is 3928983011 a composite number?
False
Is 26437153 composite?
False
Is 1693137133 a composite number?
True
Is 447207137 prime?
False
Is 284943163 prime?
False
Is 71568085247 prime?
False
Is 249179029001 a composite number?
True
Is 119221093379 composite?
False
Is 16173915773 composite?
True
Is 117725327 a prime number?
True
Is 403570793643 prime?
False
Is 12669845149 a prime number?
False
Is 100022381971 prime?
True
Is 10901630333 composite?
True
Is 12409847201 prime?
False
Is 745330009 a composite number?
False
Is 172157959 a composite number?
True
Is 10589691769 composite?
False
Is 104602029127 a composite number?
False
Is 193124117 a prime number?
False
Is 901953667 a prime number?
False
Is 1282795837 a composite number?
True
Is 491242501 prime?
True
Is 41024891 a prime number?
False
Is 4496084867 a prime number?
True
Is 937200031 a composite number?
False
Is 5674032431 prime?
True
Is 724380707 a prime number?
True
Is 2066402579 prime?
True
Is 1069087193 a prime number?
False
Is 1920519521 a composite number?
True
Is 1897902829 a prime number?
True
Is 330729107 prime?
True
Is 7263117835 prime?
False
Is 146068877 a prime number?
False
Is 15125494589 a prime number?
True
Is 49681495237 a composite number?
True
Is 61491754091 a prime number?
True
Is 83188858139 a prime number?
True
Is 14153589817 composite?
False
Is 194492039 a prime number?
False
Is 127843639301 prime?
False
Is 1773633713 prime?
True
Is 120039893 a prime number?
False
Is 293684641969 a composite number?
False
Is 4716221215 composite?
True
Is 69570103321 prime?
False
Is 663777133 a composite number?
False
Is 2195402597 prime?
False
Is 4800567019 composite?
True
Is 152401047289 a composite number?
False
Is 4866109177 a prime number?
True
Is 1156920991 prime?
True
Is 6891708613 prime?
True
Is 963517459 prime?
True
Is 49771130939 a composite number?
False
Is 14662143403 a composite number?
True
Is 155455455941 prime?
False
Is 8123099183 a composite number?
True
Is 3144149681 a composite number?
True
Is 5546926109 composite?
True
Is 483157643 a composite number?
False
Is 3319441523 composite?
False
Is 2612839277 a prime number?
True
Is 1269025267 composite?
False
Is 2123274533 prime?
True
Is 98838270569 composite?
True
Is 6244861 prime?
False
Is 4634630551 composite?
False
Is 855094549 a composite number?
True
Is 478220136499 a composite number?
True
Is 3043993907 composite?
False
Is 14681299249 a prime number?
False
Is 171612956197 prime?
True
Is 775858117 a prime number?
False
Is 130283801009 a composite number?
True
Is 218901841 a prime number?
False
Is 18301337329 prime?
False
Is 37385885741 prime?
False
Is 11489160793 composite?
True
Is 2535482773 a prime number?
True
Is 16653144143 composite?
True
Is 121633232759 a prime number?
True
Is 32890852603 composite?
True
Is 26570948333 composite?
True
Is 28424717 a composite number?
False
Is 236504229599 prime?
False
Is 227773177 prime?
True
Is 6345342001 composite?
False
Is 11679061301 prime?
False
Is 17826900251 a composite number?
False
Is 5570747459 composite?
True
Is 459589991 a prime number?
False
Is 38720435527 composite?
False
Is 14413476053 prime?
False
Is 57021509 a prime number?
True
Is 4446218863 a composite number?
False
Is 215710619 a composite number?
False
Is 58968998399 a prime number?
True
Is 1556736739 composite?
False
Is 96890612529 a composite number?
True
Is 4065442757 prime?
False
Is 70749100391 prime?
True
Is 2003684533 composite?
False
Is 1188174289 a composite number?
True
Is 405578669 composite?
False
Is 6021404407 a prime number?
False
Is 6541920449 a composite number?
False
Is 687221967 composite?
True
Is 311277089 a prime number?
False
Is 6661228381 a prime number?
True
Is 20189596265 prime?
False
Is 871302493 prime?
True
Is 17179035499 prime?
True
Is 800522113 prime?
True
Is 1274525921 a prime number?
False
Is 239186201 composite?
False
Is 5860993 composite?
False
Is 13672523 composite?
True
Is 874501039 a prime number?
True
Is 1555992457 a composite number?
True
Is 502475042 a prime number?
False
Is 5988967507 a composite number?
True
Is 1060787293 composite?
True
Is 7909947449 a composite number?
True
Is 90891583 a composite number?
False
Is 45489415 prime?
False
Is 1413468614 composite?
True
Is 3525554 prime?
False
Is 53331764845 a composite number?
True
Is 657237331 a composite number?
True
Is 2902829777 a prime number?
False
Is 2611654109 a composite number?
False
Is 13723986737 a composite number?
False
Is 92570669 prime?
True
Is 851275577 prime?
False
Is 1926880937 prime?
False
Is 660810869 prime?
False
Is 1893731351 prime?
False
Is 39624492067 a composite number?
True
Is 6333810013 prime?
True
Is 1029328054 a composite number?
True
Is 976623819 prime?
False
Is 70897404353 a composite number?
False
Is 267187819 a prime number?
True
Is 131341447 prime?
True
Is 2466413053 a prime number?
False
Is 9236839369 prime?
True
Is 1773514387 a composite number?
False
Is 3963720458 prime?
False
Is 481937663 prime?
True
Is 22331743111 a prime number?
False
Is 841247311 a prime number?
False
Is 18649657561 composite?
False
Is 148121835947 a composite number?
False
Is 1799971363 prime?
True
Is 7597526921 a composite number?
True
Is 37302925277 a composite number?
True
Is 1244908423 prime?
False
Is 161179176001 a prime number?
False
Is 2615318449 a prime number?
False
Is 3988084787 composite?
True
Is 32573980346 prime?
False
Is 55844311 composite?
False
Is 42950935169 a composite number?
True
Is 198902378 composite?
True
Is 135105953 prime?
False
Is 1173771643 a composite number?
True
Is 3920919709 a prime number?
False
Is 1537171 prime?
False
Is 2490638861 prime?
True
Is 126871222787 prime?
True
Is 6256056743 a prime number?
True
Is 2778366859 a composite number?
False
Is 7494769043 composite?
False
Is 6019541683 a prime number?
True
Is 12734735843 prime?
False
Is 133818397 a composite number?
True
Is 682417657 a prime number?
False
Is 1533514193 a prime number?
False
Is 175408763 prime?
True
Is 61713333349 composite?
False
Is 44358793901 prime?
False
Is 19873268963 composite?
False
Is 183278388589 composite?
True
Is 4405337239 a composite number?
False
Is 1740534977 a composite number?
False
Is 9954720299 prime?
True
Is 786278791 a composite number?
True
Is 2118602207 a prime number?
True
Is 63803911 a composite number?
True
Is 299646878 a prime number?
False
Is 7923655607 a composite number?
True
Is 2380476485 a composite number?
True
Is 447661861 composite?
False
Is 2683507111 a composite number?
True
Is 13467036395 prime?
False
Is 39850989023 a prime number?
False
Is 125570633323 prime?
False
Is 3272814769 a prime number?
False
Is 14863870655 a composite number?
True
Is 15880576139 composite?
False
Is 39323911589 a prime number?
True
Is 98383167767 prime?
False
Is 28678078073 a composite number?
True
Is 1452320371 a prime number?
True
Is 6119166223 a prime number?
True
Is 60638491 prime?
True
Is 140834207 a prime number?
True
Is 865200641 a composite number?
False
Is 5436453689 a composite number?
False
Is 6610448987 prime?
False
Is 29216292